he greatest common factor of 124899 and 29853.
93
What is the highest common divisor of 16 and 23267512?
8
What is the highest common factor of 2751 and 10423?
7
What is the greatest common divisor of 7979953 and 119?
17
Calculate the greatest common factor of 830046 and 84.
42
Calculate the greatest common factor of 15 and 199519665.
15
What is the greatest common factor of 293363408 and 117?
13
What is the greatest common divisor of 2 and 8191933?
1
Calculate the greatest common divisor of 5112 and 6200998.
142
What is the greatest common factor of 219491011 and 763?
109
What is the highest common factor of 401661 and 11349?
117
Calculate the greatest common divisor of 115878 and 397110.
1302
Calculate the greatest common divisor of 3349602 and 180.
18
Calculate the highest common divisor of 3452463 and 315.
63
What is the greatest common divisor of 227357639 and 13445?
2689
What is the highest common factor of 60 and 4959432?
12
Calculate the greatest common factor of 148744574 and 968.
242
Calculate the highest common factor of 630 and 7985.
5
What is the highest common divisor of 4387 and 6768392?
107
What is the highest common divisor of 52895 and 78821?
149
Calculate the greatest common factor of 20 and 13557710.
10
Calculate the highest common divisor of 15054 and 149166033.
579
Calculate the greatest common factor of 10180382 and 284750.
2278
What is the highest common factor of 3918 and 19079354?
1306
What is the greatest common factor of 870818029 and 514?
257
What is the greatest common divisor of 22098258 and 7722?
702
What is the highest common divisor of 34 and 327581704?
34
Calculate the highest common divisor of 1022978 and 61.
1
What is the greatest common divisor of 17248 and 4565968?
176
Calculate the greatest common factor of 114237156 and 1980.
132
Calculate the highest common factor of 302 and 30554246.
302
Calculate the highest common factor of 23983 and 1486714.
29
What is the highest common divisor of 206028 and 44262?
18
Calculate the greatest common factor of 3175 and 26628725.
3175
Calculate the highest common factor of 625278 and 4728.
1182
What is the highest common factor of 40338 and 2158?
166
What is the greatest common divisor of 236697 and 1201989?
771
Calculate the greatest common divisor of 1195 and 812361.
239
Calculate the highest common divisor of 444090 and 1350.
30
Calculate the greatest common factor of 2430915 and 408.
51
What is the greatest common divisor of 2386710194 and 44?
22
What is the highest common factor of 3248960 and 802868?
3124
What is the highest common factor of 885751812 and 396?
396
Calculate the highest common factor of 1694 and 20261450.
242
Calculate the greatest common factor of 8949254 and 230.
46
Calculate the greatest common factor of 3887 and 2380027.
169
What is the greatest common factor of 107244 and 274644?
108
Calculate the greatest common divisor of 52711052 and 2.
2
Calculate the greatest common factor of 26 and 28962102.
26
Calculate the greatest common factor of 8440 and 374914295.
1055
What is the highest common divisor of 526 and 1345812291?
263
Calculate the highest common divisor of 10824206 and 6222.
2074
Calculate the highest common factor of 62368142 and 15584.
974
Calculate the greatest common factor of 14551693 and 26.
13
Calculate the greatest common factor of 406 and 2353379.
203
Calculate the highest common factor of 55 and 1048503665.
55
Calculate the greatest common divisor of 21189058 and 713.
31
What is the greatest common factor of 8128959 and 207?
69
What is the highest common factor of 435969 and 27939?
201
What is the highest common factor of 15 and 33259465?
5
Calculate the greatest common factor of 181268 and 212.
4
Calculate the highest common divisor of 33 and 2736470.
11
What is the greatest common divisor of 273091896 and 2387?
2387
Calculate the highest common factor of 18348 and 1272887913.
4587
Calculate the highest common divisor of 6105316 and 8.
4
Calculate the highest common divisor of 53329 and 5763.
17
Calculate the highest common factor of 184 and 347502124.
92
What is the greatest common divisor of 228116 and 16?
4
What is the highest common factor of 1220 and 1018639610?
610
Calculate the greatest common factor of 196742 and 1012.
46
Calculate the greatest common divisor of 882 and 15911307.
9
Calculate the greatest common factor of 227434422 and 452.
226
What is the highest common divisor of 4 and 1893466?
2
Calculate the highest common divisor of 3275 and 15465991.
131
What is the greatest common factor of 510254 and 6?
2
What is the greatest common factor of 36207 and 3427?
149
Calculate the highest common divisor of 7424298 and 1113.
21
Calculate the greatest common factor of 62 and 47983567.
31
Calculate the highest common factor of 155144 and 242348.
172
What is the greatest common factor of 5561 and 559852?
67
Calculate the highest common divisor of 7 and 23788352.
7
Calculate the greatest common divisor of 4162776 and 456.
24
Calculate the greatest common divisor of 1879397 and 234.
13
Calculate the greatest common divisor of 21 and 71192037.
21
Calculate the highest common factor of 1968 and 928992.
48
Calculate the greatest common divisor of 432 and 31261264.
16
What is the greatest common factor of 1716942 and 2211?
201
Calculate the greatest common factor of 2068 and 2817374956.
2068
Calculate the highest common divisor of 1724828 and 43309.
1883
What is the greatest common divisor of 1971820 and 22819?
19
Calculate the highest common factor of 1272834 and 822366.
5238
Calculate the highest common factor of 2199 and 224718009.
2199
What is the highest common divisor of 36 and 96706884?
12
What is the highest common divisor of 197399132 and 6289?
6289
What is the greatest common factor of 4191786 and 54?
18
What is the greatest common divisor of 1153 and 125691989?
1153
Calculate the highest common factor of 11392 and 1541632.
128
Calculate the greatest common factor of 230 and 3670.
10
What is the highest common factor of 30090210 and 414?
138
Calculate the highest common factor of 982 and 870.
2
Calculate the highest common factor of 108 and 555748.
4
Calculate the highest common factor of 36 and 17306154.
18
Calculate the highest common divisor of 3815 and 164975097.
763
What is the highest common factor of 221788 and 61677?
623
What is the highest common divisor of 435388464 and 1008?
1008
Calculate the greatest common divisor of 292985 and 51535.
55
Calculate the greatest common divisor of 709631 and 460921.
323
What is the greatest common divisor of 45 and 14826770?
5
Calculate the highest common factor of 8548992 and 984.
984
What is the highest common factor of 107506 and 739018?
98
What is the greatest common factor of 19520 and 6564820?
1220
What is the highest common divisor of 134035812 and 828?
828
Calculate the highest common factor of 726 and 58765410.
66
What is the greatest common divisor of 22296 and 21701?
1
Calculate the highest common factor of 15225 and 84508900.
5075
What is the highest common divisor of 90206 and 25852?
46
What is the highest common divisor of 1104326130 and 60?
30
What is the highest common divisor of 988 and 2984007?
247
What is the greatest common divisor of 4407389 and 1358?
679
Calculate the greatest common divisor of 86693753 and 398.
199
What is the highest common divisor of 8459 and 49555?
11
Calculate the highest common divisor of 2607248 and 80.
16
Calculate the greatest common factor of 205767 and 29781.
27
Calculate the greatest common factor of 291 and 57008840.
97
What is the highest common divisor of 2123080 and 260?
20
Calculate the greatest common factor of 72568 and 98606.
94
Calculate the greatest common factor of 8450 and 184400.
50
Calculate the highest common divisor of 5368000 and 14400.
1600
Calculate the highest common factor of 757630 and 1199780.
2390
What is the highest common divisor of 748121 and 8349?
253
Calculate the highest common divisor of 52 and 180042.
2
What is the greatest common divisor of 69961 and 785696?
43
Calculate the highest common factor of 165 and 15807363.
33
Calculate the greatest common divisor of 54930565 and 30831.
10277
Calculate the greatest common factor of 1515 and 74520.
15
What is the greatest common divisor of